 of o(l)?
0
Suppose -2*v - 2 = 4*m + v, -5*m = v + 8. Let g be (8 + m)*(-5)/(-3). Suppose 0 = -3*x, 0*x + 2*x = 2*q - g. What is the units digit of q?
5
Suppose 3 = 2*n - 3. Suppose -n*s = -5*s + 76. What is the units digit of s?
8
Let h(u) = 254*u**2 - 3*u - 1. What is the hundreds digit of h(-1)?
2
Let x(l) = -21*l - 34. What is the units digit of x(-8)?
4
Let t be (-6*1/(-1))/2. Suppose -3*o = -6*o + t. What is the units digit of o?
1
Let g(s) = 44*s + 23. What is the tens digit of g(6)?
8
Let x(n) = n**2 + 4*n + 3. Let d be x(-4). Suppose 5*u - 2*u = d. What is the units digit of u?
1
Let z be 238/(-21) + 1/3. Let b = z - -21. What is the units digit of b?
0
What is the units digit of (-5*1/2)/((-7)/238)?
5
Let l(d) = d**3 - 6*d**2 + 5*d + 2. Let f be l(5). Suppose -3 = -3*p + 3. Let i = f + p. What is the units digit of i?
4
Let y be -2 - -3 - 2/(-2). Suppose 12 = 2*p + y*x, 2*p - 32 = 3*x - 5. What is the units digit of (p/(-15))/(2/(-30))?
9
Suppose 3*b = 428 + 79. What is the hundreds digit of b?
1
Suppose -7*n = -n - 366. What is the tens digit of n?
6
Let u be (5/(-3))/((-3)/9). Let w(g) = g**3 + 6*g**2 - 6*g + 10. Let l be w(-7). Let b = l + u. What is the units digit of b?
8
Let d(f) = -2*f + 3. Let q be d(-6). Suppose 0 = -0*y - 3*y - q. Let b = 14 + y. What is the units digit of b?
9
Suppose g - 3 = 8. Let u be 3/4 - 300/(-48). Let m = g - u. What is the units digit of m?
4
Suppose -4*n + 5*p = 2 + 11, -n = p - 8. What is the units digit of n?
3
Suppose 3 = 2*d + 1. Let u = 7 - d. What is the units digit of u?
6
Suppose 2*j - 4*h = -88, -2*h - 87 = 2*j - 5*h. Let y be j/4 + (-3)/(-6). Let v = 16 + y. What is the units digit of v?
6
Let y(r) = 2*r**2 + r + 14. What is the hundreds digit of y(-7)?
1
Suppose 2*w = -x - 4*x + 280, 2*x - 5*w = 83. What is the tens digit of x?
5
Let u be 12/(-9)*(-3)/2. What is the units digit of (u/(-3))/(18/(-135))?
5
Let x = 49 + 201. What is the units digit of x?
0
Let t be 58/2 + 1 + -2. Suppose -2*w + 14 = 2*v, 2*w + 2*w = 3*v + t. Let n = w + 3. What is the tens digit of n?
1
Suppose -4*o + 8 = -0*o. Let n = 3 + -7. What is the units digit of (2 + n)/(o + -3)?
2
Let v(h) be the third derivative of 1/3*h**4 - h**2 + 0 + 1/6*h**3 + 0*h. What is the units digit of v(1)?
9
Suppose 2*b = 5*b - 4*x - 176, 4*b - 226 = x. What is the tens digit of b?
5
Suppose -3*h - 150 = -y - 26, -4*h = -4*y + 512. What is the units digit of y?
0
Let y(q) be the first derivative of -q**2/2 - 2*q + 2. Let d be y(-4). What is the units digit of (1 - (-10)/d) + -2?
4
Suppose 0 = -5*f + 5, 0 = k + 2*f - f - 7. What is the units digit of k?
6
Let h = 766 - 459. What is the units digit of h?
7
Let b = 3 - 1. Suppose -g = b - 8. What is the units digit of (-22)/(-3) + 4/g?
8
Let m(k) be the second derivative of 1/12*k**4 - 2*k + 0 - 1/6*k**3 + k**2. What is the units digit of m(3)?
8
Suppose -2*l + 31 = -11. Suppose -5*f + 9 = -l. What is the units digit of f?
6
Let d be 2 + -7 + (-1 - 0). What is the units digit of 4 + d*(-2)/4?
7
Let t = -1 + 3. Suppose a - t*o = 37, a - 71 = -a + 3*o. What is the tens digit of a?
3
Let c(s) = 4*s - 20. What is the units digit of c(13)?
2
Let t be (-12)/15*10/(-4). Suppose -w = -3*w + t, -m + 4 = 4*w. Suppose -2*y + 46 = -m*y + 3*a, -2*a = -8. What is the units digit of y?
7
Let v = 14 - 7. What is the units digit of v/((-35)/(-2))*10?
4
Let h(x) = -x**2 + 10*x + 15. Suppose 4*i = z - 0*i - 6, z + 2*i = 36. Let y = z - 15. What is the units digit of h(y)?
4
Suppose 4*t + 5*j = -0*t - 25, -2*t + 5 = -j. Let n = 4 - t. What is the tens digit of (-29)/(-2) + (-6)/n?
1
Suppose 0 = 4*y + p - 5*p + 4, y = 4*p - 16. Suppose y*l - 20 = 4. Suppose l*h - 60 = h. What is the tens digit of h?
1
Suppose 0 = -21*z + 17*z + 200. What is the tens digit of z?
5
Let u(d) = -21*d - 29. What is the units digit of u(-16)?
7
Suppose -z + 3*p = -9, 46 = 4*z - 0*p - 2*p. Suppose -4*n = 3*h + 13, 0 = 2*n + h - 5*h + z. Let r = n + 6. What is the units digit of r?
2
Suppose 18*h - 19*h = -16. What is the units digit of h?
6
What is the tens digit of ((-1)/3)/((-5)/690)?
4
Let i be 27 + (2 + 0)/1. Let k = i - 2. What is the units digit of k?
7
Let y(q) = q - 7. Suppose 4*g - 48 = -5*t, 5*t - 36 = 5*g - 6. What is the units digit of y(t)?
1
Let o be 1/((-2)/30*1). Suppose 0 = 6*p - 2*p + 20. Let g = p - o. What is the tens digit of g?
1
Suppose 2*n - 542 = 4*a, -4*n + a + 799 = -299. What is the hundreds digit of n?
2
Let m(y) = y**3 + 6*y**2 - 10*y - 1. What is the units digit of m(-5)?
4
Let q(w) = 5*w - 10. What is the units digit of q(4)?
0
Let d(y) = 22*y. What is the units digit of d(1)?
2
Let v(o) = -o**2 + o - 1. Let u be v(-5). Let a(z) = -9*z + 1. Let d be a(6). Let y = u - d. What is the tens digit of y?
2
Let z(m) be the third derivative of m**6/120 - m**5/12 - m**4/6 + 3*m**3/2 + 3*m**2. What is the tens digit of z(6)?
2
Suppose -4*u = -0*u. Suppose -118 = -5*z - u*j - 3*j, -20 = -z + 3*j. What is the tens digit of z?
2
What is the units digit of 52/6*12/8?
3
Suppose 2*l + 66 = 5*u, 5*l + 2 = 2*u - 37. Suppose -36 = u*g - 14*g. What is the tens digit of g?
1
Suppose 44 = 5*q - q. Let n = q + -2. What is the units digit of n?
9
Suppose -5*f + 4*i = 5*i - 14, i = 2*f - 7. What is the units digit of (f/(-3))/((-2)/4)?
2
Let x = 42 - 18. What is the tens digit of x?
2
Suppose -3*w + w = 2*a - 240, -w + 2*a + 135 = 0. What is the units digit of w?
5
Suppose -5*k = -k - 24. Let i be 448/21 - (-4)/k. Suppose i - 6 = o. What is the tens digit of o?
1
Let q(j) be the third derivative of j**5/60 - j**4/24 - j**3/6 + 5*j**2. What is the tens digit of q(5)?
1
Suppose 0 = 3*x - 46 - 17. Let c be (3 - -16) + 1*3. Suppose -3*y + x = 3*r, 4*y - c + 9 = -r. What is the units digit of r?
5
Let m = -18 - -10. Let c(s) = -s**3 - 9*s**2 - 8*s + 6. What is the units digit of c(m)?
6
Let l(d) = -d**3 + d**2 - d - 2. Let k be l(2). Let m = 11 + k. Suppose r = -0*r + m. What is the units digit of r?
3
Let i(x) = x**2 + 5*x + 1. Let g be i(-4). What is the units digit of 5 - (2 + -2) - g?
8
Let t be (-21)/(-6) + (-1)/(-2). Suppose -2*f = -3*f - t, 3*f - 103 = -5*b. What is the units digit of b?
3
Let y be (-6)/3 + 4 + -30. Let m = -17 - y. What is the tens digit of m?
1
Suppose 4*l - 2*l + g = 5, 3*g - 15 = l. Suppose l = 2*v + 2*v - 32. What is the units digit of v?
8
Let v(j) = 3*j**3 + j**2 + 3*j - 7. What is the hundreds digit of v(4)?
2
Suppose 381 = -4*g + 5. Let i = g + 135. What is the units digit of i?
1
Suppose -5*a + 3*j = 2*j - 80, -2*j = 3*a - 61. Suppose -77 = -4*p - a. What is the tens digit of p?
1
Let j(d) = -d**2 + 8*d - 6. Let k = -5 - -4. Let g be k/3 + (-44)/(-6). What is the units digit of j(g)?
1
Let h = -452 + 827. What is the units digit of h?
5
Let w(m) = m**2 + 10*m + 7. Let u be w(-9). What is the tens digit of (68 + 2)*u/(-5)?
2
Let a = 29 + 239. What is the units digit of a?
8
Let y(x) = -52*x - 10. What is the units digit of y(-2)?
4
Let s = 25 - 7. What is the tens digit of s?
1
Let z = 3 + -5. Let g be -10*(z + 12/15). Let p = g - 7. What is the units digit of p?
5
Let m(z) = -2*z + 0*z + 3*z + 11. What is the units digit of m(-9)?
2
Suppose 0 = -o + 28 - 6. What is the units digit of o?
2
Let s = 330 - 142. What is the hundreds digit of s?
1
Suppose 3*d - 61 = 4*z, -8*d + 3*d = 3*z - 63. Suppose d = w - 7. What is the units digit of w?
2
Let v be ((-585)/10)/((-2)/4). Let b = v + -80. What is the units digit of b?
7
Let y(p) = -p**3 - 3*p**2 - 4*p + 5. What is the units digit of y(-4)?
7
Suppose 0 = -v + 2*v + d, 0 = -3*v - 4*d - 3. Suppose 2*k - v*o + o = 24, -12 = k + 5*o. What is the units digit of k?
8
Suppose 0 = 3*y + y - 68. What is the units digit of y?
7
What is the units digit of (-564)/(-20) + 2/(-10)?
8
What is the units digit of (1 + -13)*14/(-8)?
1
Let b(q) = -q**2 + 17*q + 17. What is the tens digit of b(16)?
3
Suppose q - 46 = -10. What is the units digit of q?
6
Let q(k) = -6*k - 2*k + k - 4*k**2 + 2 + 3*k**2. What is the tens digit of q(-5)?
1
Let u be 44/5 - 6/(-30). Suppose u = 2*q + q. Suppose 0 = -y + 2, 4*a - 92 + 22 = q*y. What is the units digit of a?
9
What is the units digit of (-7 - -4)/(0 + 1) + 74?
1
Let q(f) be the first derivative of f**2/2 + 15*f + 2. Suppose